{"id":35,"date":"2023-08-14T09:49:47","date_gmt":"2023-08-14T14:49:47","guid":{"rendered":"https:\/\/lujanmodels.com\/?page_id=35"},"modified":"2024-10-28T11:30:29","modified_gmt":"2024-10-28T16:30:29","slug":"instalaciones","status":"publish","type":"page","link":"https:\/\/lujanmodels.com\/index.php\/instalaciones\/","title":{"rendered":"instalaciones"},"content":{"rendered":"\n<h2 class=\"wp-block-heading has-text-align-center\">Sede, San Javier<\/h2>\n\n\n\n<div class=\"wp-block-jetpack-slideshow aligncenter\" data-autoplay=\"true\" data-delay=\"2\" data-effect=\"fade\"><div class=\"wp-block-jetpack-slideshow_container swiper-container\"><ul class=\"wp-block-jetpack-slideshow_swiper-wrapper swiper-wrapper\"><li class=\"wp-block-jetpack-slideshow_slide swiper-slide\"><figure><img loading=\"lazy\" decoding=\"async\" width=\"1024\" height=\"683\" alt=\"\" class=\"wp-block-jetpack-slideshow_image wp-image-46\" data-id=\"46\" src=\"https:\/\/lujanmodels.com\/wp-content\/uploads\/2023\/08\/DSC0900-1024x683.jpg\" srcset=\"https:\/\/lujanmodels.com\/wp-content\/uploads\/2023\/08\/DSC0900-1024x683.jpg 1024w, https:\/\/lujanmodels.com\/wp-content\/uploads\/2023\/08\/DSC0900-300x200.jpg 300w, https:\/\/lujanmodels.com\/wp-content\/uploads\/2023\/08\/DSC0900-768x512.jpg 768w, https:\/\/lujanmodels.com\/wp-content\/uploads\/2023\/08\/DSC0900-1536x1024.jpg 1536w, https:\/\/lujanmodels.com\/wp-content\/uploads\/2023\/08\/DSC0900-2048x1365.jpg 2048w\" sizes=\"auto, (max-width: 1024px) 100vw, 1024px\" \/><\/figure><\/li><li class=\"wp-block-jetpack-slideshow_slide swiper-slide\"><figure><img loading=\"lazy\" decoding=\"async\" width=\"1024\" height=\"683\" alt=\"\" class=\"wp-block-jetpack-slideshow_image wp-image-44\" data-id=\"44\" src=\"https:\/\/lujanmodels.com\/wp-content\/uploads\/2023\/08\/DSC0890-1024x683.jpg\" srcset=\"https:\/\/lujanmodels.com\/wp-content\/uploads\/2023\/08\/DSC0890-1024x683.jpg 1024w, https:\/\/lujanmodels.com\/wp-content\/uploads\/2023\/08\/DSC0890-300x200.jpg 300w, https:\/\/lujanmodels.com\/wp-content\/uploads\/2023\/08\/DSC0890-768x512.jpg 768w, https:\/\/lujanmodels.com\/wp-content\/uploads\/2023\/08\/DSC0890-1536x1024.jpg 1536w, https:\/\/lujanmodels.com\/wp-content\/uploads\/2023\/08\/DSC0890-2048x1365.jpg 2048w\" sizes=\"auto, (max-width: 1024px) 100vw, 1024px\" \/><\/figure><\/li><li class=\"wp-block-jetpack-slideshow_slide swiper-slide\"><figure><img loading=\"lazy\" decoding=\"async\" width=\"1024\" height=\"664\" alt=\"\" class=\"wp-block-jetpack-slideshow_image wp-image-42\" data-id=\"42\" src=\"https:\/\/lujanmodels.com\/wp-content\/uploads\/2023\/08\/DSC0884-1024x664.jpg\" srcset=\"https:\/\/lujanmodels.com\/wp-content\/uploads\/2023\/08\/DSC0884-1024x664.jpg 1024w, https:\/\/lujanmodels.com\/wp-content\/uploads\/2023\/08\/DSC0884-300x195.jpg 300w, https:\/\/lujanmodels.com\/wp-content\/uploads\/2023\/08\/DSC0884-768x498.jpg 768w, https:\/\/lujanmodels.com\/wp-content\/uploads\/2023\/08\/DSC0884-1536x997.jpg 1536w, https:\/\/lujanmodels.com\/wp-content\/uploads\/2023\/08\/DSC0884-2048x1329.jpg 2048w\" sizes=\"auto, (max-width: 1024px) 100vw, 1024px\" \/><\/figure><\/li><li class=\"wp-block-jetpack-slideshow_slide swiper-slide\"><figure><img loading=\"lazy\" decoding=\"async\" width=\"1024\" height=\"683\" alt=\"\" class=\"wp-block-jetpack-slideshow_image wp-image-41\" data-id=\"41\" src=\"https:\/\/lujanmodels.com\/wp-content\/uploads\/2023\/08\/DSC0868-1024x683.jpg\" srcset=\"https:\/\/lujanmodels.com\/wp-content\/uploads\/2023\/08\/DSC0868-1024x683.jpg 1024w, https:\/\/lujanmodels.com\/wp-content\/uploads\/2023\/08\/DSC0868-300x200.jpg 300w, https:\/\/lujanmodels.com\/wp-content\/uploads\/2023\/08\/DSC0868-768x512.jpg 768w, https:\/\/lujanmodels.com\/wp-content\/uploads\/2023\/08\/DSC0868-1536x1024.jpg 1536w, https:\/\/lujanmodels.com\/wp-content\/uploads\/2023\/08\/DSC0868-2048x1365.jpg 2048w\" sizes=\"auto, (max-width: 1024px) 100vw, 1024px\" \/><\/figure><\/li><li class=\"wp-block-jetpack-slideshow_slide swiper-slide\"><figure><img loading=\"lazy\" decoding=\"async\" width=\"1024\" height=\"677\" alt=\"\" class=\"wp-block-jetpack-slideshow_image wp-image-40\" data-id=\"40\" src=\"https:\/\/lujanmodels.com\/wp-content\/uploads\/2023\/08\/DSC0867-1024x677.jpg\" srcset=\"https:\/\/lujanmodels.com\/wp-content\/uploads\/2023\/08\/DSC0867-1024x677.jpg 1024w, https:\/\/lujanmodels.com\/wp-content\/uploads\/2023\/08\/DSC0867-300x198.jpg 300w, https:\/\/lujanmodels.com\/wp-content\/uploads\/2023\/08\/DSC0867-768x508.jpg 768w, https:\/\/lujanmodels.com\/wp-content\/uploads\/2023\/08\/DSC0867-1536x1016.jpg 1536w, https:\/\/lujanmodels.com\/wp-content\/uploads\/2023\/08\/DSC0867-2048x1355.jpg 2048w\" sizes=\"auto, (max-width: 1024px) 100vw, 1024px\" \/><\/figure><\/li><li class=\"wp-block-jetpack-slideshow_slide swiper-slide\"><figure><img loading=\"lazy\" decoding=\"async\" width=\"1024\" height=\"708\" alt=\"\" class=\"wp-block-jetpack-slideshow_image wp-image-39\" data-id=\"39\" src=\"https:\/\/lujanmodels.com\/wp-content\/uploads\/2023\/08\/DSC0855-1024x708.jpg\" srcset=\"https:\/\/lujanmodels.com\/wp-content\/uploads\/2023\/08\/DSC0855-1024x708.jpg 1024w, https:\/\/lujanmodels.com\/wp-content\/uploads\/2023\/08\/DSC0855-300x207.jpg 300w, https:\/\/lujanmodels.com\/wp-content\/uploads\/2023\/08\/DSC0855-768x531.jpg 768w, https:\/\/lujanmodels.com\/wp-content\/uploads\/2023\/08\/DSC0855-1536x1062.jpg 1536w, https:\/\/lujanmodels.com\/wp-content\/uploads\/2023\/08\/DSC0855-2048x1416.jpg 2048w\" sizes=\"auto, (max-width: 1024px) 100vw, 1024px\" \/><\/figure><\/li><li class=\"wp-block-jetpack-slideshow_slide swiper-slide\"><figure><img loading=\"lazy\" decoding=\"async\" width=\"1024\" height=\"671\" alt=\"\" class=\"wp-block-jetpack-slideshow_image wp-image-38\" data-id=\"38\" src=\"https:\/\/lujanmodels.com\/wp-content\/uploads\/2023\/08\/DSC0854-1024x671.jpg\" srcset=\"https:\/\/lujanmodels.com\/wp-content\/uploads\/2023\/08\/DSC0854-1024x671.jpg 1024w, https:\/\/lujanmodels.com\/wp-content\/uploads\/2023\/08\/DSC0854-300x197.jpg 300w, https:\/\/lujanmodels.com\/wp-content\/uploads\/2023\/08\/DSC0854-768x503.jpg 768w, https:\/\/lujanmodels.com\/wp-content\/uploads\/2023\/08\/DSC0854-1536x1006.jpg 1536w, https:\/\/lujanmodels.com\/wp-content\/uploads\/2023\/08\/DSC0854-2048x1342.jpg 2048w\" sizes=\"auto, (max-width: 1024px) 100vw, 1024px\" \/><\/figure><\/li><li class=\"wp-block-jetpack-slideshow_slide swiper-slide\"><figure><img loading=\"lazy\" decoding=\"async\" width=\"1024\" height=\"683\" alt=\"\" class=\"wp-block-jetpack-slideshow_image wp-image-47\" data-id=\"47\" src=\"https:\/\/lujanmodels.com\/wp-content\/uploads\/2023\/08\/DSC0929-1024x683.jpg\" srcset=\"https:\/\/lujanmodels.com\/wp-content\/uploads\/2023\/08\/DSC0929-1024x683.jpg 1024w, https:\/\/lujanmodels.com\/wp-content\/uploads\/2023\/08\/DSC0929-300x200.jpg 300w, https:\/\/lujanmodels.com\/wp-content\/uploads\/2023\/08\/DSC0929-768x512.jpg 768w, https:\/\/lujanmodels.com\/wp-content\/uploads\/2023\/08\/DSC0929-1536x1024.jpg 1536w, https:\/\/lujanmodels.com\/wp-content\/uploads\/2023\/08\/DSC0929-2048x1365.jpg 2048w\" sizes=\"auto, (max-width: 1024px) 100vw, 1024px\" \/><\/figure><\/li><li class=\"wp-block-jetpack-slideshow_slide swiper-slide\"><figure><img loading=\"lazy\" decoding=\"async\" width=\"1024\" height=\"679\" alt=\"\" class=\"wp-block-jetpack-slideshow_image wp-image-48\" data-id=\"48\" src=\"https:\/\/lujanmodels.com\/wp-content\/uploads\/2023\/08\/DSC0931-1024x679.jpg\" srcset=\"https:\/\/lujanmodels.com\/wp-content\/uploads\/2023\/08\/DSC0931-1024x679.jpg 1024w, https:\/\/lujanmodels.com\/wp-content\/uploads\/2023\/08\/DSC0931-300x199.jpg 300w, https:\/\/lujanmodels.com\/wp-content\/uploads\/2023\/08\/DSC0931-768x509.jpg 768w, https:\/\/lujanmodels.com\/wp-content\/uploads\/2023\/08\/DSC0931-1536x1018.jpg 1536w, https:\/\/lujanmodels.com\/wp-content\/uploads\/2023\/08\/DSC0931-2048x1358.jpg 2048w\" sizes=\"auto, (max-width: 1024px) 100vw, 1024px\" \/><\/figure><\/li><li class=\"wp-block-jetpack-slideshow_slide swiper-slide\"><figure><img loading=\"lazy\" decoding=\"async\" width=\"1024\" height=\"711\" alt=\"\" class=\"wp-block-jetpack-slideshow_image wp-image-49\" data-id=\"49\" src=\"https:\/\/lujanmodels.com\/wp-content\/uploads\/2023\/08\/DSC0944-1024x711.jpg\" srcset=\"https:\/\/lujanmodels.com\/wp-content\/uploads\/2023\/08\/DSC0944-1024x711.jpg 1024w, https:\/\/lujanmodels.com\/wp-content\/uploads\/2023\/08\/DSC0944-300x208.jpg 300w, https:\/\/lujanmodels.com\/wp-content\/uploads\/2023\/08\/DSC0944-768x533.jpg 768w, https:\/\/lujanmodels.com\/wp-content\/uploads\/2023\/08\/DSC0944-1536x1066.jpg 1536w, https:\/\/lujanmodels.com\/wp-content\/uploads\/2023\/08\/DSC0944-2048x1422.jpg 2048w\" sizes=\"auto, (max-width: 1024px) 100vw, 1024px\" \/><\/figure><\/li><li class=\"wp-block-jetpack-slideshow_slide swiper-slide\"><figure><img loading=\"lazy\" decoding=\"async\" width=\"1024\" height=\"683\" alt=\"\" class=\"wp-block-jetpack-slideshow_image wp-image-50\" data-id=\"50\" src=\"https:\/\/lujanmodels.com\/wp-content\/uploads\/2023\/08\/DSC0947-1024x683.jpg\" srcset=\"https:\/\/lujanmodels.com\/wp-content\/uploads\/2023\/08\/DSC0947-1024x683.jpg 1024w, https:\/\/lujanmodels.com\/wp-content\/uploads\/2023\/08\/DSC0947-300x200.jpg 300w, https:\/\/lujanmodels.com\/wp-content\/uploads\/2023\/08\/DSC0947-768x512.jpg 768w, https:\/\/lujanmodels.com\/wp-content\/uploads\/2023\/08\/DSC0947-1536x1024.jpg 1536w, https:\/\/lujanmodels.com\/wp-content\/uploads\/2023\/08\/DSC0947-2048x1365.jpg 2048w\" sizes=\"auto, (max-width: 1024px) 100vw, 1024px\" \/><\/figure><\/li><li class=\"wp-block-jetpack-slideshow_slide swiper-slide\"><figure><img loading=\"lazy\" decoding=\"async\" width=\"1024\" height=\"683\" alt=\"\" class=\"wp-block-jetpack-slideshow_image wp-image-51\" data-id=\"51\" src=\"https:\/\/lujanmodels.com\/wp-content\/uploads\/2023\/08\/DSC0978-1024x683.jpg\" srcset=\"https:\/\/lujanmodels.com\/wp-content\/uploads\/2023\/08\/DSC0978-1024x683.jpg 1024w, https:\/\/lujanmodels.com\/wp-content\/uploads\/2023\/08\/DSC0978-300x200.jpg 300w, https:\/\/lujanmodels.com\/wp-content\/uploads\/2023\/08\/DSC0978-768x512.jpg 768w, https:\/\/lujanmodels.com\/wp-content\/uploads\/2023\/08\/DSC0978-1536x1024.jpg 1536w, https:\/\/lujanmodels.com\/wp-content\/uploads\/2023\/08\/DSC0978-2048x1365.jpg 2048w\" sizes=\"auto, (max-width: 1024px) 100vw, 1024px\" \/><\/figure><\/li><\/ul><a class=\"wp-block-jetpack-slideshow_button-prev swiper-button-prev swiper-button-white\" role=\"button\"><\/a><a class=\"wp-block-jetpack-slideshow_button-next swiper-button-next swiper-button-white\" role=\"button\"><\/a><a aria-label=\"Pause Slideshow\" class=\"wp-block-jetpack-slideshow_button-pause\" role=\"button\"><\/a><div class=\"wp-block-jetpack-slideshow_pagination swiper-pagination swiper-pagination-white\"><\/div><\/div><\/div>\n\n\n\n<figure class=\"wp-block-video aligncenter\"><video height=\"1920\" style=\"aspect-ratio: 1080 \/ 1920;\" width=\"1080\" autoplay controls src=\"https:\/\/lujanmodels.com\/wp-content\/uploads\/2023\/08\/rooms-san-javier-1.mp4\"><\/video><\/figure>\n\n\n\n<p class=\"has-text-align-center\">Garantizamos los m\u00e1s altos est\u00e1ndares de calidad en la industria webcam. Tenemos convenios con  paginas privadas y publicas para nuestros clientes \u201cmodelos\u201d se profesionalicen en esta industria que brinda una excelente fuente de ingresos. Contamos con diversos beneficios tales como bonos econ\u00f3micos, fotograf\u00eda profesional, maquillaje, posibilidad afiliaci\u00f3n a seguridad social para el modelo y su familia.<\/p>\n\n\n\n<h2 class=\"wp-block-heading has-text-align-center\">Sede Floresta<\/h2>\n\n\n\n<div class=\"wp-block-jetpack-slideshow aligncenter\" data-autoplay=\"true\" data-delay=\"3\" data-effect=\"fade\"><div class=\"wp-block-jetpack-slideshow_container swiper-container\"><ul class=\"wp-block-jetpack-slideshow_swiper-wrapper swiper-wrapper\"><li class=\"wp-block-jetpack-slideshow_slide swiper-slide\"><figure><img loading=\"lazy\" decoding=\"async\" width=\"1024\" height=\"683\" alt=\"\" class=\"wp-block-jetpack-slideshow_image wp-image-139\" data-id=\"139\" src=\"https:\/\/lujanmodels.com\/wp-content\/uploads\/2023\/08\/1-1-min-1024x683.jpg\" srcset=\"https:\/\/lujanmodels.com\/wp-content\/uploads\/2023\/08\/1-1-min-1024x683.jpg 1024w, https:\/\/lujanmodels.com\/wp-content\/uploads\/2023\/08\/1-1-min-300x200.jpg 300w, https:\/\/lujanmodels.com\/wp-content\/uploads\/2023\/08\/1-1-min-768x512.jpg 768w, https:\/\/lujanmodels.com\/wp-content\/uploads\/2023\/08\/1-1-min-1536x1024.jpg 1536w, https:\/\/lujanmodels.com\/wp-content\/uploads\/2023\/08\/1-1-min-2048x1365.jpg 2048w\" sizes=\"auto, (max-width: 1024px) 100vw, 1024px\" \/><\/figure><\/li><li class=\"wp-block-jetpack-slideshow_slide swiper-slide\"><figure><img loading=\"lazy\" decoding=\"async\" width=\"1024\" height=\"683\" alt=\"\" class=\"wp-block-jetpack-slideshow_image wp-image-140\" data-id=\"140\" src=\"https:\/\/lujanmodels.com\/wp-content\/uploads\/2023\/08\/2-1-min-1-1024x683.jpg\" srcset=\"https:\/\/lujanmodels.com\/wp-content\/uploads\/2023\/08\/2-1-min-1-1024x683.jpg 1024w, https:\/\/lujanmodels.com\/wp-content\/uploads\/2023\/08\/2-1-min-1-300x200.jpg 300w, https:\/\/lujanmodels.com\/wp-content\/uploads\/2023\/08\/2-1-min-1-768x512.jpg 768w, https:\/\/lujanmodels.com\/wp-content\/uploads\/2023\/08\/2-1-min-1-1536x1024.jpg 1536w, https:\/\/lujanmodels.com\/wp-content\/uploads\/2023\/08\/2-1-min-1-2048x1365.jpg 2048w\" sizes=\"auto, (max-width: 1024px) 100vw, 1024px\" \/><\/figure><\/li><li class=\"wp-block-jetpack-slideshow_slide swiper-slide\"><figure><img loading=\"lazy\" decoding=\"async\" width=\"1024\" height=\"719\" alt=\"\" class=\"wp-block-jetpack-slideshow_image wp-image-141\" data-id=\"141\" src=\"https:\/\/lujanmodels.com\/wp-content\/uploads\/2023\/08\/3-min-1024x719.jpg\" srcset=\"https:\/\/lujanmodels.com\/wp-content\/uploads\/2023\/08\/3-min-1024x719.jpg 1024w, https:\/\/lujanmodels.com\/wp-content\/uploads\/2023\/08\/3-min-300x211.jpg 300w, https:\/\/lujanmodels.com\/wp-content\/uploads\/2023\/08\/3-min-768x540.jpg 768w, https:\/\/lujanmodels.com\/wp-content\/uploads\/2023\/08\/3-min-1536x1079.jpg 1536w, https:\/\/lujanmodels.com\/wp-content\/uploads\/2023\/08\/3-min-2048x1439.jpg 2048w\" sizes=\"auto, (max-width: 1024px) 100vw, 1024px\" \/><\/figure><\/li><li class=\"wp-block-jetpack-slideshow_slide swiper-slide\"><figure><img loading=\"lazy\" decoding=\"async\" width=\"1024\" height=\"706\" alt=\"\" class=\"wp-block-jetpack-slideshow_image wp-image-143\" data-id=\"143\" src=\"https:\/\/lujanmodels.com\/wp-content\/uploads\/2023\/08\/4-min-1024x706.jpg\" srcset=\"https:\/\/lujanmodels.com\/wp-content\/uploads\/2023\/08\/4-min-1024x706.jpg 1024w, https:\/\/lujanmodels.com\/wp-content\/uploads\/2023\/08\/4-min-300x207.jpg 300w, https:\/\/lujanmodels.com\/wp-content\/uploads\/2023\/08\/4-min-768x530.jpg 768w, https:\/\/lujanmodels.com\/wp-content\/uploads\/2023\/08\/4-min-1536x1059.jpg 1536w, https:\/\/lujanmodels.com\/wp-content\/uploads\/2023\/08\/4-min-2048x1412.jpg 2048w\" sizes=\"auto, (max-width: 1024px) 100vw, 1024px\" \/><\/figure><\/li><li class=\"wp-block-jetpack-slideshow_slide swiper-slide\"><figure><img loading=\"lazy\" decoding=\"async\" width=\"1024\" height=\"683\" alt=\"\" class=\"wp-block-jetpack-slideshow_image wp-image-144\" data-id=\"144\" src=\"https:\/\/lujanmodels.com\/wp-content\/uploads\/2023\/08\/5-min-1024x683.jpg\" srcset=\"https:\/\/lujanmodels.com\/wp-content\/uploads\/2023\/08\/5-min-1024x683.jpg 1024w, https:\/\/lujanmodels.com\/wp-content\/uploads\/2023\/08\/5-min-300x200.jpg 300w, https:\/\/lujanmodels.com\/wp-content\/uploads\/2023\/08\/5-min-768x512.jpg 768w, https:\/\/lujanmodels.com\/wp-content\/uploads\/2023\/08\/5-min-1536x1024.jpg 1536w, https:\/\/lujanmodels.com\/wp-content\/uploads\/2023\/08\/5-min-2048x1365.jpg 2048w\" sizes=\"auto, (max-width: 1024px) 100vw, 1024px\" \/><\/figure><\/li><li class=\"wp-block-jetpack-slideshow_slide swiper-slide\"><figure><img loading=\"lazy\" decoding=\"async\" width=\"1024\" height=\"683\" alt=\"\" class=\"wp-block-jetpack-slideshow_image wp-image-145\" data-id=\"145\" src=\"https:\/\/lujanmodels.com\/wp-content\/uploads\/2023\/08\/6-min-1024x683.jpg\" srcset=\"https:\/\/lujanmodels.com\/wp-content\/uploads\/2023\/08\/6-min-1024x683.jpg 1024w, https:\/\/lujanmodels.com\/wp-content\/uploads\/2023\/08\/6-min-300x200.jpg 300w, https:\/\/lujanmodels.com\/wp-content\/uploads\/2023\/08\/6-min-768x512.jpg 768w, https:\/\/lujanmodels.com\/wp-content\/uploads\/2023\/08\/6-min-1536x1024.jpg 1536w, https:\/\/lujanmodels.com\/wp-content\/uploads\/2023\/08\/6-min-2048x1365.jpg 2048w\" sizes=\"auto, (max-width: 1024px) 100vw, 1024px\" \/><\/figure><\/li><\/ul><a class=\"wp-block-jetpack-slideshow_button-prev swiper-button-prev swiper-button-white\" role=\"button\"><\/a><a class=\"wp-block-jetpack-slideshow_button-next swiper-button-next swiper-button-white\" role=\"button\"><\/a><a aria-label=\"Pause Slideshow\" class=\"wp-block-jetpack-slideshow_button-pause\" role=\"button\"><\/a><div class=\"wp-block-jetpack-slideshow_pagination swiper-pagination swiper-pagination-white\"><\/div><\/div><\/div>\n\n\n\n<figure class=\"wp-block-video aligncenter\"><video height=\"1920\" style=\"aspect-ratio: 1080 \/ 1920;\" width=\"1080\" controls src=\"https:\/\/lujanmodels.com\/wp-content\/uploads\/2023\/08\/rooms-floresta-1.mp4\"><\/video><\/figure>\n","protected":false},"excerpt":{"rendered":"<p>Sede, San Javier Garantizamos los m\u00e1s altos est\u00e1ndares de calidad en la industria webcam. Tenemos convenios con paginas privadas y publicas para nuestros clientes \u201cmodelos\u201d se profesionalicen en esta industria que brinda una excelente fuente de ingresos. Contamos con diversos beneficios tales como bonos econ\u00f3micos, fotograf\u00eda profesional, maquillaje, posibilidad afiliaci\u00f3n a seguridad social para el &hellip; <\/p>\n<p class=\"link-more\"><a href=\"https:\/\/lujanmodels.com\/index.php\/instalaciones\/\" class=\"more-link\">Leer m\u00e1s<span class=\"screen-reader-text\"> \u00abinstalaciones\u00bb<\/span><\/a><\/p>\n","protected":false},"author":1,"featured_media":73,"parent":0,"menu_order":0,"comment_status":"closed","ping_status":"closed","template":"","meta":{"footnotes":""},"class_list":["post-35","page","type-page","status-publish","has-post-thumbnail","hentry"],"jetpack_sharing_enabled":true,"_links":{"self":[{"href":"https:\/\/lujanmodels.com\/index.php\/wp-json\/wp\/v2\/pages\/35","targetHints":{"allow":["GET"]}}],"collection":[{"href":"https:\/\/lujanmodels.com\/index.php\/wp-json\/wp\/v2\/pages"}],"about":[{"href":"https:\/\/lujanmodels.com\/index.php\/wp-json\/wp\/v2\/types\/page"}],"author":[{"embeddable":true,"href":"https:\/\/lujanmodels.com\/index.php\/wp-json\/wp\/v2\/users\/1"}],"replies":[{"embeddable":true,"href":"https:\/\/lujanmodels.com\/index.php\/wp-json\/wp\/v2\/comments?post=35"}],"version-history":[{"count":12,"href":"https:\/\/lujanmodels.com\/index.php\/wp-json\/wp\/v2\/pages\/35\/revisions"}],"predecessor-version":[{"id":207,"href":"https:\/\/lujanmodels.com\/index.php\/wp-json\/wp\/v2\/pages\/35\/revisions\/207"}],"wp:featuredmedia":[{"embeddable":true,"href":"https:\/\/lujanmodels.com\/index.php\/wp-json\/wp\/v2\/media\/73"}],"wp:attachment":[{"href":"https:\/\/lujanmodels.com\/index.php\/wp-json\/wp\/v2\/media?parent=35"}],"curies":[{"name":"wp","href":"https:\/\/api.w.org\/{rel}","templated":true}]}}